(-116) - 362323/(-377). What is the greatest common factor of s and 31?
31
Let v be ((-2898)/15)/((-19863)/(-1170) + -17). Calculate the greatest common divisor of 455 and v.
91
Suppose -11*z + 22*z = 792. Suppose -2*n - 64 = -z, -5*f = 2*n - 1093. Calculate the greatest common divisor of 7 and f.
7
Suppose -2*c - 415 = 2*m - 1339, -4*c + 1950 = -13*m. Calculate the greatest common factor of c and 143.
13
Let q be -18*11/(-264)*(191 - (0 - 1)). What is the highest common factor of q and 1464?
24
Let s be 8/12 - 75/(-9). Let u = s + 80. Suppose 2*q - b - u = 0, 0*b - 3*b - 57 = -q. Calculate the highest common divisor of 210 and q.
42
Suppose 8 + 34 = -3*r. Let x(s) = 2*s + 50. Let n be x(r). What is the highest common divisor of n and 418?
22
Let t be (-17*(-16)/(-20))/(7/(-70)). Calculate the highest common factor of 357 and t.
17
Let r(g) = -g + 167. Let l = 636 + -613. Let x be r(l). What is the highest common divisor of x and 240?
48
Suppose -2*h + 8 = 3*y + 3*h, -h + 1 = 0. Let x(c) = 14*c**3 - 2*c**2 + c. Let w be x(y). Let z = 7 - -110. What is the greatest common factor of w and z?
13
Let l(z) = 4*z**2 - 56*z + 238. Let s be l(10). Calculate the greatest common divisor of s and 338.
26
Let a(j) = 554*j - 2562. Let v be a(5). What is the greatest common divisor of v and 1352?
104
Let l(k) = -30*k - 4. Let p be l(-2). Suppose 0 = 2*f - 0*f. Suppose f = 2*b - w - 25, 2*b - 4*w = -2 + 18. What is the highest common factor of b and p?
14
Let c(b) = -22*b**3 - b**2 - b - 3. Let t be c(-2). Let d(p) = -p**3 - 8*p**2 - 12*p + 9. Let z be d(-6). Calculate the greatest common divisor of t and z.
9
Let z(y) = 69*y - 325. Let v be z(6). Suppose 0 = -5*c + 257 + 398. Let h = c - v. Calculate the greatest common divisor of 105 and h.
21
Let t = -663 + 872. Suppose -4*x + 21 = -23. What is the highest common factor of x and t?
11
Let x be 24/3 - (-408)/136. What is the greatest common factor of x and 26961?
11
Let g(s) = -s**3 + 23*s**2 - 56*s - 34. Suppose -145 - 415 = -28*u. Let m be g(u). Calculate the highest common divisor of m and 2.
2
Let m be (-3 - 43/(-14)) + 1889/14. Suppose -5*c + v + 222 = 0, 3*c + 2*v = -30 + 171. Calculate the greatest common factor of m and c.
45
Suppose 2*l + 3690 = 4*h - 0*l, 0 = -2*l + 6. Let p be h/(-98)*(2 + -9). What is the greatest common divisor of 165 and p?
33
Let r(o) be the first derivative of o**3/3 - o**2 + 3*o + 1. Let y be r(-4). Let v be 86275/10353*(-54)/(-10). Calculate the highest common divisor of v and y.
9
Let d be 42/15*5*3. Let h be 202/22 + 26/(-143). Let x be (h/(-4))/(d/(-224)). Calculate the highest common factor of x and 4.
4
Let w(r) = r**3 + 39*r**2 - 65*r + 55. Let p be w(-37). Calculate the greatest common factor of p and 46.
46
Let o be (539/(-14))/((-1)/2). Suppose -2*x - 23 = -5*r, -2*r - 3*x + 17 = -15. What is the highest common factor of r and o?
7
Let m be -1*((-16)/(-8) - 9). What is the highest common factor of 707 and m?
7
Let k(x) = 578*x - 5024. Let d be k(10). Calculate the highest common factor of 28 and d.
28
Let t = -14338 - -14352. What is the highest common divisor of t and 7?
7
Let q be -9*((-48)/(-9))/(-8). Suppose 104*a - 107*a = -q. Calculate the highest common factor of 7 and a.
1
Let u = -83 - -116. Suppose -o = 1, 0 = -6*y + 4*y - 3*o + u. Calculate the highest common divisor of y and 414.
18
Let x(i) = 109*i + 48. Let c be x(0). Calculate the greatest common divisor of c and 60.
12
Let s be 177*(-1)/6*14. Let r = s + 621. Calculate the greatest common divisor of r and 32.
16
Let i(b) = -16*b + 384. Let w be i(24). Let z be 5340/20*(w - -3)/3. Calculate the highest common factor of z and 3.
3
Let g = 2681 + -2653. Let l(u) = u**2 + 2*u - 10. Suppose y - 2*y - 2*f = 16, 15 = -3*y + 5*f. Let d be l(y). What is the greatest common divisor of d and g?
14
Let w be (-1)/(4 + ((-26)/(-6))/(-1)). Suppose 0 = 4*b - 3*g - 66, -3*b + 5*g = w*g - 50. Calculate the highest common factor of 126 and b.
18
Let t = -42 + 57. Suppose z + 5*s - 211 = 0, -5*z + 2*s + 54 = -866. Let w = z + -51. Calculate the highest common factor of w and t.
15
Let r = 132 + -111. Suppose -218 = -2*h + 70. Suppose 192 = 2*x - h. What is the greatest common divisor of x and r?
21
Let v(a) = -11*a + 31. Let b be v(8). Let q = -53 - b. Let n be q/6*(142/4 - 4). Calculate the greatest common divisor of n and 14.
7
Suppose -2*f = 2*f - 4*h - 44, 23 = 2*f - 3*h. Let s be (0 - 60/(-3)) + -7 + f. Suppose -2*l + 19 + 27 = 0. Calculate the highest common factor of l and s.
23
Let z be 1/3*(24 - 24). Suppose z*w - w = -s + 538, -2*s + 5*w + 1070 = 0. Calculate the highest common divisor of 15 and s.
15
Suppose -142 = -5*k - 117. Suppose -4*f + k*t = 933, 2*f + 208 = 5*t - 271. Let l = f - -353. What is the highest common divisor of l and 28?
14
Let j = 285 + -273. Suppose 0 = -d - 0*d + 4*v + j, 1 = -v. What is the highest common divisor of 200 and d?
8
Suppose h - l - 236 = 0, 65*l - 52*l + 483 = 2*h. What is the greatest common factor of h and 12455?
235
Let z be (1*(1 + -14))/((-106)/424). Calculate the highest common divisor of 32 and z.
4
Suppose -108 = -17*q - 23. Suppose 2*p - h - 133 = 66, -3*h = q*p - 492. What is the greatest common divisor of p and 72?
9
Suppose -190*x - 8002 = -192*x - 6*u, 3*x + 3*u - 11967 = 0. What is the greatest common factor of x and 21?
7
Let d be (18504/(-1285))/((18/40)/(-3)). What is the greatest common divisor of 300 and d?
12
Let z be 18*((-16)/(-6) + -3). Let q be (2*z/8)/((-105)/6020). Calculate the greatest common factor of 86 and q.
86
Suppose -3*d = 5*x - 854, 346 = -x + 3*x - d. Let i(f) = -4*f - 47. Let r be i(-31). Let v = x - r. What is the highest common factor of v and 38?
19
Let w(i) = -80*i - 4704. Let f be w(-63). Calculate the greatest common factor of 147 and f.
21
Let f = 300 - 25. Suppose 8*g - 3*g = f. Let o be (1/3)/((-3)/(-45)). What is the highest common divisor of g and o?
5
Let v(p) = -p**3 + 18*p**2 + 190*p - 14. Let y be v(-8). What is the greatest common divisor of 2470 and y?
130
Let c be ((3 - -1) + -8)*4*-2. Suppose -c = -2*r - 6*r. Suppose h + 46 = 3*s, 0*s - r*h - 14 = -2*s. Calculate the highest common divisor of 136 and s.
17
Let h(u) = 84*u**2 + 308*u - 307. Let t be h(1). What is the greatest common divisor of 34085 and t?
85
Let d = -89 - -185. Suppose 81*g - 49*g - 544 = -4*n, -323 = -2*n + g. What is the highest common factor of d and n?
32
Let b(i) = 55*i + 125. Let n be b(-1). What is the greatest common factor of n and 3745?
35
Let h = 122 - 118. Suppose h*f + 2 = 4*s + 6, -4*f = -2*s - 4. Let t = -6 - -7. Calculate the greatest common factor of t and f.
1
Suppose 16 - 70 = -2*m - 4*i, 0 = -4*i. Let k(u) = u**2 + 35*u + 142. Let r be k(-31). What is the highest common factor of r and m?
9
Let j = -3366 + 4070. What is the highest common factor of 384 and j?
64
Let q be 9154/161 + (-24)/(-21). Calculate the greatest common factor of 1363 and q.
29
Suppose i - 589 = -3*a, -3 = -3*i + a + 1774. Suppose 4*w + 2*u = 60, -2 = 2*w - 4*u - 42. Calculate the greatest common factor of i and w.
16
Suppose 25*n - 223 = 20*n - 2*k, n - 47 = 2*k. Let u be (-51)/(-3) - (-3)/3. Calculate the highest common factor of u and n.
9
Let j(d) = -d**3 - 32*d**2 + 3*d + 122. Let f be j(-32). Suppose -28 = -3*t + 4*a + f, -5*t = -5*a - 95. What is the highest common factor of 209 and t?
11
Suppose -4*z + 4312 = 4*x, -5*x + z = -339 - 5057. Calculate the greatest common factor of x and 581.
83
Suppose -14*u + 13446 = 12102. What is the highest common divisor of 18 and u?
6
Suppose -104*i - 52972 = -172*i. What is the highest common factor of 95 and i?
19
Let d = -5545 + 10883. What is the highest common factor of 102 and d?
34
Suppose 69 + 27 = 8*j. Suppose -j*u + 95 = -49. What is the greatest common divisor of u and 372?
12
Let z = -17452 + 17455. What is the highest common factor of 6999 and z?
3
Let c(v) = -2*v**2 + 66*v - 19. Let q = 687 - 655. Let t be c(q). What is the greatest common divisor of 255 and t?
15
Suppose -3 = -i, -3*i + 7 = 2*f - 18. Suppose 0 = -f*p + 18*p - 140. Let g be (-2)/(-11) - 3840/(-55). What is the greatest common divisor of g and p?
14
Let r = -2403 + 2873. What is the greatest common factor of r and 658?
94
Let o(i)